{"id":2522,"date":"2021-12-02T21:39:35","date_gmt":"2021-12-02T21:39:35","guid":{"rendered":"https:\/\/serviciosdivia.com\/?page_id=2522"},"modified":"2021-12-02T21:41:39","modified_gmt":"2021-12-02T21:41:39","slug":"distintivo-h","status":"publish","type":"page","link":"https:\/\/serviciosceo.com\/index.php\/distintivo-h\/","title":{"rendered":"Distintivo H"},"content":{"rendered":"<div class=\"fusion-fullwidth fullwidth-box fusion-builder-row-1 fusion-flex-container fusion-ie-mode nonhundred-percent-fullwidth non-hundred-percent-height-scrolling\" style=\"background-color: rgba(255,255,255,0);background-position: center center;background-repeat: no-repeat;border-width: 0px 0px 0px 0px;border-color:#eae9e9;border-style:solid;\" ><div class=\"fusion-builder-row fusion-row fusion-flex-align-items-flex-start\" style=\"max-width:1248px;margin-left: calc(-4% \/ 2 );margin-right: calc(-4% \/ 2 );\"><div class=\"fusion-layout-column fusion_builder_column fusion-builder-column-0 fusion_builder_column_1_3 1_3 fusion-flex-column\"><div class=\"fusion-column-wrapper fusion-flex-justify-content-flex-start fusion-content-layout-column\" style=\"background-color:transparent;padding: 0px 0px 0px 0px;\"><div ><span class=\" fusion-imageframe imageframe-none imageframe-1 hover-type-none\"><img decoding=\"async\" width=\"1181\" height=\"778\" title=\"1_Distintivo_H\" src=\"https:\/\/serviciosceo.com\/wp-content\/uploads\/2021\/12\/1_Distintivo_H.jpeg\" data-orig-src=\"https:\/\/serviciosdivia.com\/wp-content\/uploads\/2021\/12\/1_Distintivo_H.jpeg\" class=\"lazyload img-responsive wp-image-2523\" srcset=\"data:image\/svg+xml,%3Csvg%20xmlns%3D%27http%3A%2F%2Fwww.w3.org%2F2000%2Fsvg%27%20width%3D%271181%27%20height%3D%27778%27%20viewBox%3D%270%200%201181%20778%27%3E%3Crect%20width%3D%271181%27%20height%3D%27778%27%20fill-opacity%3D%220%22%2F%3E%3C%2Fsvg%3E\" data-srcset=\"https:\/\/serviciosceo.com\/wp-content\/uploads\/2021\/12\/1_Distintivo_H-200x132.jpeg 200w, https:\/\/serviciosceo.com\/wp-content\/uploads\/2021\/12\/1_Distintivo_H-400x264.jpeg 400w, https:\/\/serviciosceo.com\/wp-content\/uploads\/2021\/12\/1_Distintivo_H-600x395.jpeg 600w, https:\/\/serviciosceo.com\/wp-content\/uploads\/2021\/12\/1_Distintivo_H-800x527.jpeg 800w, https:\/\/serviciosceo.com\/wp-content\/uploads\/2021\/12\/1_Distintivo_H.jpeg 1181w\" data-sizes=\"auto\" data-orig-sizes=\"(max-width: 1024px) 100vw, (max-width: 640px) 100vw, 400px\" \/><\/span><\/div><div class=\"fusion-column-wrapper-salman\" style=\"content:&#039;&#039;;z-index:-1;position:absolute;top:0;right:0;bottom:0;left:0;background-position:left top;background-repeat:no-repeat;-webkit-background-size:cover;-moz-background-size:cover;-o-background-size:cover;background-size:cover;\"><\/div><\/div><style type=\"text\/css\">.fusion-body .fusion-builder-column-0{width:33.333333333333% !important;margin-top : 10px;margin-bottom : 10px;}.fusion-builder-column-0 > .fusion-column-wrapper {padding-top : 0px !important;padding-right : 0px !important;margin-right : 5.76%;padding-bottom : 0px !important;padding-left : 0px !important;margin-left : 5.76%;}@media only screen and (max-width:1024px) {.fusion-body .fusion-builder-column-0{width:100% !important;order : 0;}.fusion-builder-column-0 > .fusion-column-wrapper {margin-right : 1.92%;margin-left : 1.92%;}}@media only screen and (max-width:640px) {.fusion-body .fusion-builder-column-0{width:100% !important;order : 0;}.fusion-builder-column-0 > .fusion-column-wrapper {margin-right : 1.92%;margin-left : 1.92%;}}<\/style><\/div><div class=\"fusion-layout-column fusion_builder_column fusion-builder-column-1 fusion_builder_column_2_3 2_3 fusion-flex-column\"><div class=\"fusion-column-wrapper fusion-flex-justify-content-flex-start fusion-content-layout-column\" style=\"background-color:transparent;padding: 0px 0px 0px 0px;\"><div class=\"fusion-text fusion-text-1\"><h2>El Distintivo H, es un reconocimiento que otorgan la Secretar\u00eda de Turismo y la Secretar\u00eda de Salud, a aquellos establecimientos fijos de alimentos y bebidas: por cumplir con los est\u00e1ndares de higiene que marca la Norma Mexicana NMX-F-605-NORMEX-2018.<\/h2>\n<\/div><div class=\"fusion-text fusion-text-2\"><p>Los puntos que deber\u00e1 de corregir e implementar el establecimiento interesado en el \u00e1rea de alimentos y bebidas de su negocio, deber\u00e1n estar apegados a la lista de verificaci\u00f3n de la norma vigente en este caso la NMX-F-605- NORMEX-2015 Alimentos Manejo Higi\u00e9nico en el Servicio de Alimentos Preparados para la Obtenci\u00f3n del Distintivo H y que contempla los puntos que a continuaci\u00f3n se mencionan:<\/p>\n<\/div><ul class=\"fusion-checklist fusion-checklist-1 fusion-checklist-divider\" style=\"font-size:16px;line-height:27.2px;\"><li class=\"fusion-li-item\" style=\"border-bottom-color:#e0dede\"><span style=\"height:27.2px;width:27.2px;margin-right:11.2px;\" class=\"icon-wrapper circle-no\"><i class=\"fusion-li-icon fa-utensils fas\" style=\"color:#fc7523;\" aria-hidden=\"true\"><\/i><\/span><div class=\"fusion-li-item-content\" style=\"margin-left:38.4px;\">\n<ul>\n<li>Recepci\u00f3n de alimentos<\/li>\n<li>Almacenamiento<\/li>\n<li>Manejo de sustancias qu\u00edmicas<\/li>\n<li>Refrigeraci\u00f3n y congelaci\u00f3n<\/li>\n<li>\u00c1rea de cocina<\/li>\n<li>Preparaci\u00f3n de alimentos<\/li>\n<li>\u00c1rea de servicio<\/li>\n<li>Agua y Hielo<\/li>\n<li>Servicios sanitarios para empleados<\/li>\n<li>Manejo de Basura<\/li>\n<li>Control de plagas<\/li>\n<li>Personal<\/li>\n<li>Bar<\/li>\n<\/ul>\n<\/div><\/li><\/ul><div class=\"fusion-text fusion-text-3\"><p>Durante la vida de la empresa se ha logrado conjuntamente con las empresas trabajar bajo la norma Distintivo \u201cH\u201d, certificaci\u00f3n que otorga la Secretar\u00eda de Turismo y la Secretar\u00eda de Salud, a aquellos establecimientos fijos de alimentos y bebidas: (restaurantes en general, restaurantes de hoteles, cafeter\u00edas, comedores industriales, etc.), por cumplir con los est\u00e1ndares de higiene que marca la Norma Mexicana NMX-F605 NORMEX 2015.<\/p>\n<\/div><div class=\"fusion-column-wrapper-salman\" style=\"content:&#039;&#039;;z-index:-1;position:absolute;top:0;right:0;bottom:0;left:0;background-position:left top;background-repeat:no-repeat;-webkit-background-size:cover;-moz-background-size:cover;-o-background-size:cover;background-size:cover;\"><\/div><\/div><style type=\"text\/css\">.fusion-body .fusion-builder-column-1{width:66.666666666667% !important;margin-top : 10px;margin-bottom : 10px;}.fusion-builder-column-1 > .fusion-column-wrapper {padding-top : 0px !important;padding-right : 0px !important;margin-right : 2.88%;padding-bottom : 0px !important;padding-left : 0px !important;margin-left : 2.88%;}@media only screen and (max-width:1024px) {.fusion-body .fusion-builder-column-1{width:100% !important;order : 0;}.fusion-builder-column-1 > .fusion-column-wrapper {margin-right : 1.92%;margin-left : 1.92%;}}@media only screen and (max-width:640px) {.fusion-body .fusion-builder-column-1{width:100% !important;order : 0;}.fusion-builder-column-1 > .fusion-column-wrapper {margin-right : 1.92%;margin-left : 1.92%;}}<\/style><\/div><\/div><style type=\"text\/css\">.fusion-body .fusion-flex-container.fusion-builder-row-1{ padding-top : 0px;margin-top : 0px;padding-right : 25px;padding-bottom : 25px;margin-bottom : 0px;padding-left : 25px;}<\/style><\/div>\n","protected":false},"excerpt":{"rendered":"","protected":false},"author":1,"featured_media":2133,"parent":0,"menu_order":0,"comment_status":"closed","ping_status":"closed","template":"","meta":{"_joinchat":[],"footnotes":""},"class_list":["post-2522","page","type-page","status-publish","has-post-thumbnail","hentry"],"_links":{"self":[{"href":"https:\/\/serviciosceo.com\/index.php\/wp-json\/wp\/v2\/pages\/2522","targetHints":{"allow":["GET"]}}],"collection":[{"href":"https:\/\/serviciosceo.com\/index.php\/wp-json\/wp\/v2\/pages"}],"about":[{"href":"https:\/\/serviciosceo.com\/index.php\/wp-json\/wp\/v2\/types\/page"}],"author":[{"embeddable":true,"href":"https:\/\/serviciosceo.com\/index.php\/wp-json\/wp\/v2\/users\/1"}],"replies":[{"embeddable":true,"href":"https:\/\/serviciosceo.com\/index.php\/wp-json\/wp\/v2\/comments?post=2522"}],"version-history":[{"count":3,"href":"https:\/\/serviciosceo.com\/index.php\/wp-json\/wp\/v2\/pages\/2522\/revisions"}],"predecessor-version":[{"id":2526,"href":"https:\/\/serviciosceo.com\/index.php\/wp-json\/wp\/v2\/pages\/2522\/revisions\/2526"}],"wp:featuredmedia":[{"embeddable":true,"href":"https:\/\/serviciosceo.com\/index.php\/wp-json\/wp\/v2\/media\/2133"}],"wp:attachment":[{"href":"https:\/\/serviciosceo.com\/index.php\/wp-json\/wp\/v2\/media?parent=2522"}],"curies":[{"name":"wp","href":"https:\/\/api.w.org\/{rel}","templated":true}]}}